 tens digit of d?
5
Let x(z) be the second derivative of -15*z + 15/2*z**2 + 11/6*z**3 + 0. What is the units digit of x(7)?
2
Let b(v) = 7*v + 49. Let p(d) be the second derivative of -5*d**3/2 - 97*d**2/2 - 5*d. Let q(x) = -5*b(x) - 2*p(x). What is the tens digit of q(-22)?
5
Let i = 46870 + -20321. What is the tens digit of i?
4
Let s(a) = 2074*a + 1646. What is the thousands digit of s(11)?
4
Let i = -12570 - -17923. What is the hundreds digit of i?
3
Suppose 0 = 43*d - 41*d - 4. Suppose 6*l + 58 = x + l, 116 = d*x - 5*l. What is the tens digit of (-27)/12*(-1 + -1 - x)?
3
What is the tens digit of (-43742)/(-12) - (-16)/(-96)?
4
Let b(j) = 35*j**2 - 8*j + 441. What is the thousands digit of b(20)?
4
Let f = -3547 - -5823. Let n = f + -1502. What is the hundreds digit of n?
7
Let i(c) = -85*c**3 + 53*c**2 + 295*c + 9. What is the units digit of i(-5)?
4
What is the units digit of ((-219)/2)/(-11 + 26 + (-5710)/380)?
1
Let g = -62 - -72. Suppose -g*y + 7*y + 9 = 0. What is the units digit of (-116 + (4 - y))*(0 + -1)?
5
Let h be 4/2 + (-50)/(-2). Let y(s) = -5 - 8*s - h*s - 10 + 34. What is the units digit of y(-4)?
9
Suppose -5*r = -3 - 2. Let f(c) = 2*c**2 - 2*c + 3. Let t be f(r). Suppose -4*i - 92 = -k - t*i, -k = 3*i - 104. What is the units digit of k?
5
Suppose 38 = 4*a + 266. Let b be 1/(231/a + 4). Let w = 57 - b. What is the tens digit of w?
7
Suppose 4095*q - 4105*q + 14120 + 25020 = 0. What is the units digit of q?
4
Let n(j) = 19*j**2 + 807*j - 42. What is the units digit of n(-68)?
8
Let u(p) be the second derivative of 229/12*p**4 - 2*p**2 + 5/6*p**3 + 21*p + 0. What is the tens digit of u(1)?
3
What is the units digit of (1977/(-2))/(319/(-15950))?
5
Suppose -s - 23*s + 51912 = 0. Let u = s + -1262. What is the hundreds digit of u?
9
Suppose 3*w + 85 = d, 3*d + 126 = -3*w + 45. Let k = 186 + w. What is the hundreds digit of k?
1
Let u = -36452 + 63536. What is the thousands digit of u?
7
Suppose 9*i + 224 = 836. Let n = 73 - i. Suppose 5*d - 968 = -2*w, 3*d = -0*d + n*w + 587. What is the hundreds digit of d?
1
What is the thousands digit of 12/(-10) + (-18)/75*-40305?
9
Suppose 280*d - 3680 = 275*d. What is the tens digit of d?
3
Let j(q) = q**2 + 3*q + 2. Suppose -11*x + 6 = -13*x. Let r be j(x). Suppose -r*i - 5*p = -2*p - 101, 0 = -5*i + 4*p + 218. What is the units digit of i?
6
Let v(z) = 92*z - 5. Let l(w) = 98*w - 6. Let n(o) = -3*l(o) + 4*v(o). What is the hundreds digit of n(8)?
5
Let k(h) = -h**3 - 90*h**2 + 52*h + 291. What is the hundreds digit of k(-91)?
8
Let x(o) = 2*o**2 - o + 8. Let r(h) = h**2 - 7*h - 18. Let j be r(11). Suppose -j*d + 30 = -21*d. What is the tens digit of x(d)?
7
Let h be -11 + (1 - -7) + 2*3. Suppose -3*s = 2*m - 1015, 0*s - 1500 = -3*m + h*s. What is the tens digit of m?
0
Suppose 4*n + 4*y - 3044 = 0, -10*n + 3813 = -5*n + y. Let b = -431 + n. What is the units digit of b?
2
Suppose -5544 = -14*f + 5*f. What is the tens digit of ((-9)/(-6) + -3)/((-2)/f)?
6
Suppose h + 14 = 4*m, 3*h - 4 = -m - 7. Suppose 0 = -16*j + 20*j + 3*d - 5764, 0 = m*d. What is the hundreds digit of j?
4
Suppose 184 = k + 2*k + 4*x, -3*x = k - 68. Let t = k + -51. What is the units digit of (48/t)/(18/45)?
4
Suppose -4*r + 3*r = 5*r. Suppose 2*o = 2*b - 0*o - 846, r = 5*b + o - 2085. What is the units digit of b?
8
Suppose -2*k - 15 = -13. Let f be -2 - -10*(k + 17/2). Let u = -31 + f. What is the units digit of u?
2
Let h(v) = -682*v + 437. What is the thousands digit of h(-9)?
6
Let o(h) = 5*h - 38. Let s be o(8). Let u be -178*((-20)/8 + s). Let b = 49 + u. What is the units digit of b?
8
Let a(o) = -3*o + 564. What is the hundreds digit of a(23)?
4
Suppose -7 = i - 7. Suppose i + 16 = 4*r. Suppose -r*j + j - 2*n = -170, 288 = 5*j + n. What is the tens digit of j?
5
Let d(y) = 24*y - 2 - 104*y**2 + 101*y**2 - 3 - 56*y. What is the units digit of d(-8)?
9
Let i = 76 - 72. Suppose 0 = -2*h, 0 = a + i*h - 2*h - 48. Suppose -262 = -2*b - a. What is the tens digit of b?
0
Let r(x) be the first derivative of -4*x**3/3 - x**2 + 541*x + 196. What is the hundreds digit of r(0)?
5
Let h = 158 - 157. What is the hundreds digit of (-1)/h - ((-6)/2 + -459)?
4
What is the thousands digit of (-397 - -4)*(-703)/57?
4
Suppose -4*w - 2 = 2*u, -2*w - u = -6*u + 7. Let p = w - 12. Let m = p - -56. What is the units digit of m?
3
Let w = -425 - -674. Suppose 5*n = 4*b + 301, 0*n - 4*n + w = 5*b. Let q = n - 39. What is the units digit of q?
2
Let s(b) = 458*b**2 - 12*b - 7. Let z be s(4). Suppose 1822 = 6*t - 5*t + p, 4*t - p = z. What is the tens digit of t?
1
Let x be (-66)/77 - 314/(-7). Suppose 39*s - x*s = -2115. What is the hundreds digit of s?
4
Suppose -12368 - 332492 = -172*f. What is the hundreds digit of f?
0
Suppose -10 = 3*f - 2*z, -f - 4*z + 6 = -0*z. Let n(g) = 2*g**3 + 4*g**2 + 2. Let v be n(f). What is the units digit of -214*(-2)/8 + (-1)/v?
3
Let u = -18984 + 21207. What is the hundreds digit of u?
2
Suppose 5*h = 3*i - 19, 0 = i + 4*h + 5. Let s be (-4428)/24*(-2)/i. Suppose s + 189 = 6*g. What is the tens digit of g?
5
Let v be -101*5/(-10)*6 - -3. What is the units digit of v/9*(-45)/(-6)?
5
Let s = 343 + -342. Let r(o) = 1306*o**3 + o**2 - 4*o + 3. What is the units digit of r(s)?
6
Suppose 1927 = -41*x - 0*x. Let r = x - -196. What is the tens digit of r?
4
Suppose 3*t = -z + t - 328, -z + t = 325. Let x = z + 399. What is the tens digit of x?
7
Let w(n) = 320*n - 100. Let p be w(-8). Let v = 4129 + p. What is the units digit of v?
9
Let v = -47 + 47. Suppose -4*s - 2*s + 612 = v. What is the tens digit of s?
0
Let l be 4/16 + 252/16. Let n = 21 + l. Suppose 2*w - 5 = n. What is the tens digit of w?
2
What is the tens digit of 419/(-4)*(-9)/(-6)*(-424)/53?
5
Let r(u) = 407*u - 3213. What is the thousands digit of r(38)?
2
Suppose 108*z = 26*z + 731522. What is the tens digit of z?
2
Suppose 164*p - 1818353 = 2734123. What is the thousands digit of p?
7
Suppose 4*v - 43176 = -5*l, l - 13*v = -14*v + 8634. What is the thousands digit of l?
8
Let g = 146 + 105. Suppose -g = 5*y + 204. Let u = y - -222. What is the hundreds digit of u?
1
Let y = -25582 - -45047. What is the hundreds digit of y?
4
Let b be (-2)/(-12) + 82/12. Let i(q) = 33*q. What is the hundreds digit of i(b)?
2
Suppose 2*x = -48*x + 44884 + 35466. What is the thousands digit of x?
1
Let p(x) = -40*x - 11. Let t be (-3 - 0)*(-4)/(-6). What is the units digit of p(t)?
9
Let t(s) = 14*s**2 - s + 1. Let u be t(1). Suppose -2*k = -u - 14. Suppose k*b - 10*b - 260 = 0. What is the tens digit of b?
6
Suppose i + 2 = 3*y, 18*i - 16*i - 18 = -5*y. What is the tens digit of 810 - y/(-6)*3?
1
Let z(u) = -u - 9. Let i(k) = 4*k + 29. Let n(v) = -6*i(v) - 17*z(v). Suppose b = -0*b - 6. What is the tens digit of n(b)?
2
Let k(u) be the first derivative of u**4/4 + u**3 + u**2/2 - 3*u - 21. Let s be k(-2). What is the units digit of (s - (-10)/6)*(11 + 196)?
8
Suppose -2*u = -p + 18 - 5, 3*p + 11 = -4*u. Let n(m) = 10 - 3*m**p - 5*m**3 - 11. What is the units digit of n(-1)?
7
Let q(b) = -526*b - 52. Suppose -49 = 46*l + 43. What is the hundreds digit of q(l)?
0
Let i(x) = -4616*x**3 + x**2 + 3*x + 1. Let d be i(-1). Suppose 0 = -7*l - 163 + d. What is the tens digit of l?
3
Let k(g) = -9*g + 1543. Suppose 1623*s = 1621*s. What is the thousands digit of k(s)?
1
Let z be 3/(-12) - 6957/12. Let d be 18/(7 - -2) + z/(-2). Suppose -k - 5*a + 199 - 37 = 0, -2*k - 2*a + d = 0. What is the tens digit of k?
4
Suppose 2*k + 24*k = -78. Let r(y) = -29*y - 65. What is the tens digit of r(k)?
2
Suppose -168*a - 17 = -173*a + 2*k, -a + 5 = -2*k. Let y = 65 + -41. Let l = y + a. What is the tens digit of l?
2
Suppose -1834 = -2*v - 5*g, -4*v - 105*g + 102*g = -3682. What is the hundreds digit of v?
9
What is the thousands digit of 6/(30/(-1382465)*-7)?
9
Let a = -11121 + 19062. What is the tens digit of a?
4
Let q(h) = 14*h**2 + 30*h - 769. What is the units digit of q(-44)?
5
What is the tens digit of 4 - 2040/(-5) - -6?
1
What is the units digit of (-2)/1*91098/(-36)?
1
Let z be (6 + -5)*(-68 + 1). Let i = 71 + z. Suppose 0 = -i*t - 5*o + 319, -4*t + 4*o + 547 = 183. What is the tens digit of t?
8
Suppose 140*o - 1512 = 147*o. Let d = 335 + o. What is the tens digi